{"id":10,"date":"2020-11-14T21:49:30","date_gmt":"2020-11-15T00:49:30","guid":{"rendered":"http:\/\/larvatusprodeo.com.br\/?page_id=10"},"modified":"2021-11-17T14:39:53","modified_gmt":"2021-11-17T17:39:53","slug":"sobre","status":"publish","type":"page","link":"https:\/\/larvatusprodeo.com.br\/index.php\/sobre\/","title":{"rendered":"Sobre n\u00f3s"},"content":{"rendered":"\n<p><\/p>\n\n\n\n<style>\n\n @media screen and (max-width: 400px) {\n      .text1 {\n           font-size: 14px;\n      }\n   }\n\n\n   @media screen and (min-width: 400px) {\n      .text1 {\n         text-align: justify;\n\n      }\n   }\n\n   p {\n      text-align: left;\n   }\n<\/style>\n\n\n\n<br>\n<div class=\"container\">\n    <div id=\"accordion\">\n\n        <div class=\"card py-0\">\n            <div class=\"card-header d-flex align-items-center justify-content-center py-0\" id=\"headingTwo\" style=\"background-color: #efe4cc;\">\n\n                <h1 class=\"mb-auto\">\n                    <button class=\"linkManif btn btn-link  collapsed \" style=\"text-decoration: none;\">\n                        <h1> Sobre n\u00f3s <\/h1>\n                    <\/button>\n                <\/h1>\n            <\/div>\n\n        <\/div>\n\n    <\/div>\n\n<\/div>\n\n\n\n<img decoding=\"async\" class=\"wp-image-36\" style=\"width: 100%;\" src=\"https:\/\/larvatusprodeo.com.br\/wp-content\/uploads\/2020\/11\/BS1-1024x683-1.jpg\" alt=\"\">\n\n\n\n<div class=\"container-fluid py-3\" style=\"background-color: #000000\">\n\n\n\n    <h4 class=\"text-white text1\" style=\"font-family: 'Playfair Display', serif;\"> N\u00e3o foram poucas as descobertas e inven\u00e7\u00f5es\n        que tiveram que ser disfar\u00e7adas para serem transmitidas. Entre o ocultismo, as sociedades secretas e a raz\u00e3o\n        esclarecida, s\u00e3o m\u00faltiplas e por vezes contradit\u00f3rias as correspond\u00eancias entre o saber e o semblante, na sua\n        rela\u00e7\u00e3o com a verdade. <\/h4>\n\n\n<\/div>\n\n\n\n<div class=\"container-fluid py-3\" style=\"background-color: #fff;\">\n\n    <div class=\"container py-3 opacity-0\" style=\"background-image: url('https:\/\/larvatusprodeo.com.br\/wp-content\/uploads\/2020\/09\/mascara2_opacidade.jpg');   background-repeat: no-repeat;\n  \">\n\n        <br>\n\n        <div class=\"row\" style=\"opacity: 1.0;\">\n\n\n\n            <div class=\"col col-md-12 p-5\">\n                <h4 class=\"\">\n\n                    <span style=\"text-align: center;\">\n                        <h1 class=\"display-4\">Larvatus Prodeo Editora\n                        <\/h1>\n                    <\/span>\n                    <hr class=\"my-4\">\n                    <p class=\"card-text\">\n                    <p class=\"text1\">A Editora Larvatus Prodeo sustenta o projeto de tornar p&uacute;blicas ideias\n                        relevantes, criativas e transformadoras, resgatando a voca&ccedil;&atilde;o original do ato de\n                        publicar.<\/p>\n                    <p class=\"text1\">Seu nome foi inspirado em uma express&atilde;o latina utilizada por Ren&eacute;\n                        Descartes: larvatus prodeo que significa &ldquo;avan&ccedil;o mascarado&rdquo;.<\/p>\n                    <p class=\"text1\">Forjada a partir de um deslocamento do sentido de pro Deo (para Deus) para prodeo\n                        (mascarado), essa express&atilde;o condensa nossa proposta de sustenta&ccedil;&atilde;o da\n                        palavra escrita em um mundo cada vez mais tomado por imagens.<\/p>\n                    <p class=\"text1\">Nossas cole&ccedil;&otilde;es testemunham o compromisso com a livre\n                        circula&ccedil;&atilde;o do pensamento, o debate democr&aacute;tico e esclarecido, o rigor\n                        cient&iacute;fico e a inven&ccedil;&atilde;o art&iacute;stica e liter&aacute;ria. Nossos autores\n                        s&atilde;o os parceiros que sustentam conosco esse projeto.<\/p>\n                    <\/p>\n            <\/div>\n        <\/div>\n\n\n        <br><br><br>\n        <br><br><br><br>\n    <\/div>\n\n\n\n\n<\/div>\n\n\n\n<div class=\"container-fluid py-3 text-center\" style=\"background-color: #000000\">\n\n\n\n    <h4 class=\"text-white\" style=\"font-family: 'Playfair Display', serif;\"> A Larvatus Prodeo resgata a voca\u00e7\u00e3o original\n        do ato de publicar e sustenta a palavra escrita em um mundo cada vez mais tomado por imagens<\/h4>\n\n\n<\/div>\n\n\n\n<div class=\"container-fluid\" style=\"background-color: #efe4cc\">\n\n    <div class=\"container\" style=\"background-color: #efe4cc\">\n        <div id=\"accordion\">\n\n            <div class=\"card py-0\">\n                <div class=\"card-header d-flex align-items-center justify-content-center py-0\" id=\"headingTwo\" style=\"background-color: #efe4cc;\">\n\n                    <h1 class=\"mb-auto\">\n                        <button class=\"linkManif btn btn-link  collapsed \" data-toggle=\"collapse\" data-target=\"#collapseTwo\" aria-expanded=\"false\" aria-controls=\"collapseTwo\" style=\"text-decoration: none;\">\n                            <h1> Leia nosso Manifesto <\/h1>\n                        <\/button>\n                    <\/h1>\n                <\/div>\n                <div id=\"collapseTwo\" class=\"collapse\" aria-labelledby=\"headingTwo\" data-parent=\"#accordion\">\n                    <div class=\"card-body flex-column h-100\">\n\n                        <p style=\"text-align: justify;\"><span data-contrast=\"auto\">As m\u00e1scaras sempre fascinaram a\n                                humanidade. Do uso ritual\u00edstico dionis\u00edaco, aos bailes de carnaval, passando pelo\n                                teatro, elas a um s\u00f3 tempo fascinam, excitam, emocionam, provocam temor ou riso, pelo\n                                jogo constante que produzem entre a oculta\u00e7\u00e3o e a revela\u00e7\u00e3o. Mas, afinal, o que elas\n                                escondem<\/span><span data-contrast=\"auto\">&nbsp;e<\/span><span data-contrast=\"auto\">&nbsp;<\/span><span data-contrast=\"auto\">o<\/span><span data-contrast=\"auto\">&nbsp;que mostra<\/span><span data-contrast=\"auto\">m<\/span><span data-contrast=\"auto\">&nbsp;quando caem? Essa&nbsp;<\/span><span data-contrast=\"auto\">\u00e9<\/span><span data-contrast=\"auto\">&nbsp;a quest<\/span><span data-contrast=\"auto\">\u00e3o<\/span><span data-contrast=\"auto\">&nbsp;mais intrigante\n                                colocada<\/span><span data-contrast=\"auto\">&nbsp;em cena pela m\u00e1scara: a complexa rela\u00e7\u00e3o\n                                entre a verdade e a apar\u00eancia, tradicionalmente pensadas como opostas. O dito popular\n                                afirma que as apar\u00eancias enganam; no entanto, n\u00e3o&nbsp;<\/span><span data-contrast=\"auto\">\u00e9<\/span><span data-contrast=\"auto\">&nbsp;t\u00e3o simples definir o que\n                                se encontra por traz das apar\u00eancias.&nbsp;&nbsp;<\/span><span data-contrast=\"auto\">A\n                                verdade&nbsp;<\/span><span data-contrast=\"auto\">por de traz da m<\/span><span data-contrast=\"auto\">\u00e1scara<\/span><span data-contrast=\"auto\">&nbsp;pode ser o fato de\n                                que,&nbsp;<\/span><span data-contrast=\"auto\">ali<\/span><span data-contrast=\"auto\">,<\/span><span data-contrast=\"auto\">&nbsp;n\u00e3o haja nada mais que o\n                                vazio. Ou, em outras palavras, que n\u00e3o temos outra forma de estarmos no mundo a n\u00e3o ser\n                                nos identificando a algum tra\u00e7o ou marca oferecido pela linguagem que nos\n                                humaniza<\/span><span data-contrast=\"auto\">,<\/span><span data-contrast=\"auto\">&nbsp;e<\/span><span data-contrast=\"auto\">&nbsp;<\/span><span data-contrast=\"auto\">com&nbsp;<\/span><span data-contrast=\"auto\">essa<\/span><span data-contrast=\"auto\">&nbsp;<\/span><span data-contrast=\"auto\">marca<\/span><span data-contrast=\"auto\">&nbsp;construir uma imagem na qual&nbsp;<\/span><span data-contrast=\"auto\">possamos nos<\/span><span data-contrast=\"auto\">&nbsp;reconhec<\/span><span data-contrast=\"auto\">e<\/span><span data-contrast=\"auto\">r<\/span><span data-contrast=\"auto\">.&nbsp;<\/span><span data-ccp-props=\"{&quot;201341983&quot;:0,&quot;335551550&quot;:6,&quot;335551620&quot;:6,&quot;335559739&quot;:200,&quot;335559740&quot;:276}\">&nbsp;<\/span>\n                        <\/p>\n                        <p style=\"text-align: justify;\"><span data-contrast=\"auto\">Seria a vida, ent\u00e3o<\/span><span data-contrast=\"auto\">, um grande baile de m\u00e1scaras? Haveria, por assim dizer, um\n                                disfarce mais verdadeiro que os outros?&nbsp; A m\u00e1scara que cada um usa para se ocultar\n                                poderia, ela mesma, revelar algo mais real do que aquilo que se quer\n                                esconder?&nbsp;<\/span><span data-contrast=\"auto\">&nbsp;O que julgamos que somos\n                                \u2013&nbsp;<\/span><span data-contrast=\"auto\">o nome, o papel social, o sexo<\/span><span data-contrast=\"auto\">&nbsp;\u2013<\/span><span data-contrast=\"auto\">&nbsp;n\u00e3o deixa de ser uma\n                                m\u00e1scara colada em nossa pele. Resta saber at\u00e9 que ponto se pode escolher a m\u00e1scara que\n                                vamos usar na pr\u00f3xima festa&nbsp;<\/span><span data-contrast=\"auto\">\u00e0<\/span><span data-contrast=\"auto\">&nbsp;fantasia.&nbsp;&nbsp;<\/span><span data-ccp-props=\"{&quot;201341983&quot;:0,&quot;335551550&quot;:6,&quot;335551620&quot;:6,&quot;335559739&quot;:200,&quot;335559740&quot;:276}\">&nbsp;<\/span>\n                        <\/p>\n                        <p style=\"text-align: justify;\"><span data-contrast=\"auto\">O modo como os sonhos s\u00e3o\n                                constru\u00eddos, apontam que a fantasia nos \u00e9 estrutural: disfar\u00e7amos algumas ideias,\n                                principalmente, para tentarmos enganar a n\u00f3s mesmos.&nbsp;<\/span><span data-contrast=\"auto\">O pensamento que disfar\u00e7a<\/span><span data-contrast=\"auto\">,\n                                portanto,<\/span><span data-contrast=\"auto\">&nbsp;pode ser a pr\u00f3pria verdade da\n                                m\u00e1scara.&nbsp;<\/span><span data-contrast=\"auto\">Os disfarces, entretanto, deixam rastros\n                                e restos que permitem a interpreta\u00e7\u00e3o dos sonhos<\/span><span data-contrast=\"auto\">&nbsp;que, mesmo assim, sempre tem um limite.<\/span><span data-contrast=\"auto\">&nbsp;<\/span><span data-contrast=\"auto\">Dist\u00e2ncia m\u00ednima entre ser\n                                e parecer. Penso, ent\u00e3o sou<\/span><span data-contrast=\"auto\">&nbsp;\u2013 como queria\n                                Descartes?&nbsp;<\/span><span data-contrast=\"auto\">&nbsp;Ou sou, onde n\u00e3o\n                                penso<\/span><span data-contrast=\"auto\">&nbsp;\u2013 como subverteu Freud?<\/span><span data-contrast=\"auto\">&nbsp;Da ci\u00eancia moderna \u00e0 descoberta do inconsciente, seguimos\n                                caminhando mascarados<\/span><span data-contrast=\"auto\">:&nbsp;<\/span><em><span data-contrast=\"auto\">Larvatus<\/span><\/em><em><span data-contrast=\"auto\">&nbsp;<\/span><\/em><em><span data-contrast=\"auto\">Prodeo<\/span><\/em><span data-contrast=\"auto\">. N\u00e3o foram poucos\n                                aqueles que tiveram que se mascarar para passar suas ideias e conhecimentos.<\/span><span data-contrast=\"auto\">&nbsp;N\u00e3o foram poucas as descobertas e inven\u00e7\u00f5es que tiveram que\n                                ser disfar\u00e7adas para serem transmitidas.&nbsp;<\/span><span data-contrast=\"auto\">&nbsp;Entre o ocultismo, as sociedades secretas e&nbsp;<\/span><span data-contrast=\"auto\">a<\/span><span data-contrast=\"auto\">&nbsp;<\/span><span data-contrast=\"auto\">raz\u00e3o esclarecida<\/span><span data-contrast=\"auto\">, s\u00e3o m\u00faltiplas\n                                e por vezes contradit\u00f3rias as&nbsp;<\/span><span data-contrast=\"auto\">correspond\u00eancias\n                                entre o saber e o semblante, na sua rela\u00e7\u00e3o com a verdade.&nbsp;<\/span><span data-ccp-props=\"{&quot;201341983&quot;:0,&quot;335551550&quot;:6,&quot;335551620&quot;:6,&quot;335559739&quot;:200,&quot;335559740&quot;:276}\">&nbsp;<\/span>\n                        <\/p>\n                        <p style=\"text-align: justify;\"><span data-contrast=\"auto\">O problema, portanto, \u00e9 cl\u00e1ssico, mas\n                                se atualiza de modo intenso no mundo contempor\u00e2neo, no qual a verdade parece ter se\n                                pulverizado.<\/span><span data-contrast=\"auto\">&nbsp;Na sociedade do espet\u00e1culo, na era\n                                do \u201c<\/span><em><span data-contrast=\"auto\">Black&nbsp;<\/span><\/em><em><span data-contrast=\"auto\">mirror<\/span><\/em><span data-contrast=\"auto\">\u201d,\n                                das&nbsp;<\/span><em><span data-contrast=\"auto\">Fake<\/span><\/em><em><span data-contrast=\"auto\">&nbsp;News<\/span><\/em><span data-contrast=\"auto\">&nbsp;e da\n                                super<\/span><span data-contrast=\"auto\">exposi\u00e7\u00e3o nas redes sociais,&nbsp;<\/span><span data-contrast=\"auto\">ser\u00e1 que&nbsp;<\/span><span data-contrast=\"auto\">as m\u00e1scaras foram\n                                depostas ou est\u00e3o gastas de tanto serem usadas? Quest\u00e3o que aponta para a dimens\u00e3o \u00e9tica\n                                \u2013 e n\u00e3o moral \u2013 da rela\u00e7\u00e3o entre os semblantes e o real, aponta para a fun\u00e7\u00e3o do v\u00e9u do\n                                pudor e para os limites do que se pode ou n\u00e3o dizer.&nbsp;<\/span><span data-contrast=\"none\">Em tempos de exposi\u00e7\u00f5es obscenas, nas quais o menos relevante s\u00e3o\n                                os fatos supostamente privados que se tornam p\u00fablicos e o mais impr\u00f3prio \u00e9 a\n                                est\u00e9tica&nbsp;<\/span><span data-contrast=\"none\">a<\/span><span data-contrast=\"none\">moral\n                                com a qual esses fatos se publicam,&nbsp;<\/span><span data-contrast=\"none\">n\u00e3o podemos\n                                responder&nbsp;<\/span><span data-contrast=\"none\">com a fobia pudica, a reserva c\u00ednica,\n                                ou a discri\u00e7\u00e3o elitista. Antes, pelo avesso do avesso,&nbsp;<\/span><span data-contrast=\"none\">mais do que nunca se faz necess\u00e1rio revisar nossa rela\u00e7\u00e3o com a\n                                m\u00e1scara e seus destinos.<\/span><span data-ccp-props=\"{&quot;201341983&quot;:0,&quot;335551550&quot;:6,&quot;335551620&quot;:6,&quot;335559739&quot;:200,&quot;335559740&quot;:276}\">&nbsp;<\/span>\n                        <\/p>\n                        <p style=\"text-align: justify;\"><em><span data-contrast=\"auto\">Larvatus<\/span><\/em><em><span data-contrast=\"auto\">&nbsp;<\/span><\/em><em><span data-contrast=\"auto\">Prodeo<\/span><\/em><span data-contrast=\"auto\">. Avan\u00e7amos\n                                mascarados representando nossos papeis n\u00e3o importa se como protagonistas ou figurantes.\n                                A pe\u00e7a do Cotidiano engendra mais cenas, mais atos, mais espet\u00e1culos. Traz outras tantas\n                                d\u00favidas, questionamentos, perigos, amea\u00e7as veladas ou expl\u00edcitas, algumas respostas, um\n                                infind\u00e1vel n\u00famero de novas perguntas e incertezas. Avan\u00e7amos mascarados encobrindo\n                                nossas curiosidades, temores, contradi\u00e7\u00f5es. Avan\u00e7amos mascarados preservando nossos\n                                pensamentos, fantasias, desejos, e convic\u00e7\u00f5es. Avan\u00e7amos mascarados buscando\n                                um&nbsp;<\/span><span data-contrast=\"auto\">caminho para a constru\u00e7\u00e3o da<\/span><span data-contrast=\"auto\">&nbsp;nossa limitada liberdade, que nos&nbsp;<\/span><span data-contrast=\"auto\">impulsiona a<\/span><span data-contrast=\"auto\">&nbsp;seguirmos<\/span><span data-contrast=\"auto\">&nbsp;sonhando,\n                                mas<\/span><span data-contrast=\"auto\">&nbsp;de olhos bem abertos.&nbsp;<\/span><span data-ccp-props=\"{&quot;201341983&quot;:0,&quot;335551550&quot;:6,&quot;335551620&quot;:6,&quot;335559739&quot;:200,&quot;335559740&quot;:276}\">&nbsp;<\/span>\n                        <\/p>\n\n\n\n\n\n\n\n\n\n\n\n\n\n\n\n                    <\/div>\n                <\/div>\n            <\/div>\n\n        <\/div>\n\n    <\/div>\n<\/div>\n\n\n\n<!-- <div class=\"container-fluid py-3 text-center\" style=\"background-color: #c1c1c1;\">\n\n    <br>\n    <span style=\"text-align: center;\">\n        <img decoding=\"async\" class=\"mx-auto d-block\" src=\"https:\/\/larvatusprodeo.com.br\/wp-content\/uploads\/2020\/08\/mascara2.png\" width=\"15%\">\n        <h1 class=\"display-4\">Mostrando a cara<\/h1>\n\n    <\/span>\n\n    <div class=\"container\">\n\n        <div class=\"row d-flex justify-content-center\">\n\n            <br>\n        <\/div>\n        <div class=\"row d-flex justify-content-center\">\n\n            <div class=\"col col-md-4\">\n                <div class=\"card shadow-lg p-1 mb-15 bg-black rounded h-100\">\n                    <img decoding=\"async\" class=\"card-img-top\" src=\"http:\/\/larvatusprodeo.com.br\/wp-content\/uploads\/2020\/11\/Ana-Laura-300x200-1.jpg\" alt=\"Card image cap\">\n                    <div class=\"card-body\">\n\n                        <p class=\"card-text\" style=\"text-align: justify;\">Ana Laura Prates \u00e9 psicanalista, escritora e\n                            pesquisadora da UNICAMP. Doutora em Psicologia Cl\u00ednica pela USP e P\u00f3s-doutora em Psican\u00e1lise\n                            pela UERJ.<\/p>\n                        <a href=\"https:\/\/www.linkedin.com\/in\/ana-laura-prates-29186841\"><img decoding=\"async\" src=\"https:\/\/larvatusprodeo.com.br\/wp-content\/uploads\/2020\/08\/images.png\" width=\"30%\">\n                        <\/a>\n                    <\/div>\n                <\/div>\n            <\/div>\n            <div class=\"col col-md-4\">\n\n                <div class=\"card shadow-lg p-1 mb-15 bg-black rounded h-100\">\n                    <img decoding=\"async\" class=\"card-img-top\" src=\"https:\/\/larvatusprodeo.com.br\/wp-content\/uploads\/2020\/08\/Fernando-768x513-1.jpg\" alt=\"Card image cap\">\n                    <div class=\"card-body\">\n                        <p class=\"card-text\" style=\"text-align: justify;\">Lu\u00eds Fernando Laranjeira \u00e9 jornalista,\n                            fot\u00f3grafo, editor. Mestre em Comunica\u00e7\u00e3o e Estudos de Linguagens.&nbsp;<\/p>\n                        <a href=\"https:\/\/www.linkedin.com\/in\/luis-fernando-laranjeira-64892395\"><img decoding=\"async\" src=\"https:\/\/larvatusprodeo.com.br\/wp-content\/uploads\/2020\/08\/images.png\" width=\"30%\">\n                        <\/a>\n                    <\/div>\n                <\/div>\n            <\/div>\n        <\/div>\n\n\n\n\n\n\n        <br><br><br><br>\n    <\/div>\n\n\n\n<\/div> -->\n\n\n\n<p><\/p>\n","protected":false},"excerpt":{"rendered":"<p>Sobre n\u00f3s N\u00e3o foram poucas as descobertas e inven\u00e7\u00f5es que tiveram que&#8230;<\/p>\n","protected":false},"author":1,"featured_media":0,"parent":0,"menu_order":0,"comment_status":"closed","ping_status":"closed","template":"","meta":{"footnotes":""},"class_list":["post-10","page","type-page","status-publish","hentry"],"_links":{"self":[{"href":"https:\/\/larvatusprodeo.com.br\/index.php\/wp-json\/wp\/v2\/pages\/10","targetHints":{"allow":["GET"]}}],"collection":[{"href":"https:\/\/larvatusprodeo.com.br\/index.php\/wp-json\/wp\/v2\/pages"}],"about":[{"href":"https:\/\/larvatusprodeo.com.br\/index.php\/wp-json\/wp\/v2\/types\/page"}],"author":[{"embeddable":true,"href":"https:\/\/larvatusprodeo.com.br\/index.php\/wp-json\/wp\/v2\/users\/1"}],"replies":[{"embeddable":true,"href":"https:\/\/larvatusprodeo.com.br\/index.php\/wp-json\/wp\/v2\/comments?post=10"}],"version-history":[{"count":17,"href":"https:\/\/larvatusprodeo.com.br\/index.php\/wp-json\/wp\/v2\/pages\/10\/revisions"}],"predecessor-version":[{"id":241,"href":"https:\/\/larvatusprodeo.com.br\/index.php\/wp-json\/wp\/v2\/pages\/10\/revisions\/241"}],"wp:attachment":[{"href":"https:\/\/larvatusprodeo.com.br\/index.php\/wp-json\/wp\/v2\/media?parent=10"}],"curies":[{"name":"wp","href":"https:\/\/api.w.org\/{rel}","templated":true}]}}