{"id":14,"date":"2020-11-14T21:52:05","date_gmt":"2020-11-15T00:52:05","guid":{"rendered":"http:\/\/larvatusprodeo.com.br\/?page_id=14"},"modified":"2025-03-11T12:04:29","modified_gmt":"2025-03-11T15:04:29","slug":"singularidades","status":"publish","type":"page","link":"https:\/\/larvatusprodeo.com.br\/index.php\/singularidades\/","title":{"rendered":"singularidadeS"},"content":{"rendered":"\n<style>\n.custom-card-img {\n    width: 100%; \/* Ensures the image takes the full width of the card *\/\n    height: 300px; \/* Fixed height to standardize the size *\/\n    object-fit: cover; \/* Ensures the image covers the area without distortion *\/\n}\n\n.card {\n    margin-bottom: 20px; \/* Optional: Adds spacing between cards *\/\n}\n<\/style>\n\n<style>\n\/*Profile Card 5*\/\n.profile-card-5 {\n    margin-top: 20px;\n}\n\n.profile-card-5 .btn {\n    border-radius: 2px;\n    text-transform: uppercase;\n    font-size: 12px;\n    padding: 7px 20px;\n}\n\n.profile-card-5 .card-img-block {\n    width: 40%;\n    margin: 0 auto;\n    position: relative;\n    top: -20px;\n\n}\n\n.profile-card-5 .card-img-block img {\n    border-radius: 5px;\n    box-shadow: 0 0 10px rgba(0, 0, 0, 0.63);\n}\n\n.profile-card-5 h5 {\n    color: #4E5E30;\n    font-weight: 600;\n}\n\n.profile-card-5 p {\n    font-size: 14px;\n    font-weight: 300;\n}\n\n.profile-card-5 .btn-primary {\n    background-color: #4E5E30;\n    border-color: #4E5E30;\n}\n<\/style>\n\n\n\n<div class=\"container-fluid py-3 text-center\" style=\"background-color: #c1c1c1;\">\n\n    <br>\n    <span style=\"text-align: center;\">\n        <img decoding=\"async\" class=\"mx-auto d-block\" src=\"https:\/\/larvatusprodeo.com.br\/wp-content\/uploads\/2020\/11\/logo1SingTransp.png\" width=\"10%\">\n        <h1 class=\"display-4\">singularidadeS<\/h1> \n\n    <\/span>\n\n    <div class=\"container\">\n\n        <div class=\"row d-flex justify-content-center\">\n\n            <br>\n        <\/div>\n        <div class=\"row d-flex justify-content-center\">\n\n\n            <div class=\"col col-md-8\">\n\n                <div class=\"card shadow-lg p-1 mb-15 bg-black rounded h-100\">\n\n\n                    <div class=\"card-body\">\n                        <img decoding=\"async\" src=\"https:\/\/larvatusprodeo.com.br\/wp-content\/uploads\/2020\/08\/mascara2.png\" alt=\"Card image cap\" width=\"13%\"> <br><br>\n                        <p class=\"card-text\" style=\"text-align: justify;\">A Cole\u00e7\u00e3o singularidadeS publica livros\n                            autorais ou colet\u00e2neas de artigos que digam respeito \u00e0 inclus\u00e3o, direitos humanos e\n                            cidadania, colaborando para a desconstru\u00e7\u00e3o do preconceito e de qualquer forma de\n                            discrimina\u00e7\u00e3o e contribuindo, para a constru\u00e7\u00e3o da sociedade da diversidade que leve em\n                            conta as diferen\u00e7as de ra\u00e7a, g\u00eanero, religi\u00f5es e pessoas com defici\u00eancia. <\/p>\n\n                    <\/div>\n                <\/div>\n            <\/div>\n        <\/div>\n\n\n\n\n\n\n        <br><br>\n    <\/div>\n\n\n\n<\/div>\n\n\n\n<div class=\"container-fluid text-center\" style=\"background-color: #efe4cc;\">\n    <div id=\"accordion\">\n\n        <div class=\"card py-0\">\n            <div class=\"card-header d-flex align-items-center justify-content-center py-0\" id=\"headingTwo\" style=\"background-color: #efe4cc;\">\n\n                <h1 class=\"mb-auto\">\n                    <button class=\"linkManif btn btn-link  collapsed \" data-toggle=\"collapse\" data-target=\"#collapseTwo\" aria-expanded=\"false\" aria-controls=\"collapseTwo\" style=\"text-decoration: none;\">\n                        <h1> Manifesto Cole\u00e7\u00e3o singularidadeS <\/h1>\n                    <\/button>\n                <\/h1>\n            <\/div>\n            <div id=\"collapseTwo\" class=\"collapse\" aria-labelledby=\"headingTwo\" data-parent=\"#accordion\">\n                <div class=\"card-body flex-column h-100\">\n\n\n                    <p class=\"lead\"><\/p>\n\n\n\n\n\n                    <p style=\"text-align: justify;\">A Cole\u00e7\u00e3o singularidadeS surgiu a partir de inquieta\u00e7\u00f5es e reflex\u00f5es\n                        relacionadas \u00e0 constru\u00e7\u00e3o da sociedade da diversidade. Vivemos avan\u00e7os significativos\n                        conquistados nas \u00faltimas d\u00e9cadas, em rela\u00e7\u00e3o \u00e0 inclus\u00e3o, o respeito aos direitos humanos, o\n                        exerc\u00edcio da cidadania, e \u00e0 diversidade, mas precisamos reconhecer que ainda vivemos situa\u00e7\u00f5es\n                        onde os discursos de \u00f3dio, os preconceitos de ra\u00e7a, g\u00eanero, religi\u00f5es e com pessoas com\n                        defici\u00eancia se proliferam e ganham voz.<\/p>\n                    <p style=\"text-align: justify;\">Nesse contexto, a Cole\u00e7\u00e3o SingularidadeS tem como objetivo\n                        contribuir para seguirmos nesse processo de constru\u00e7\u00e3o de uma sociedade justa, implicada e\n                        solid\u00e1ria. Quando falamos da sociedade da diversidade, educa\u00e7\u00e3o para todos, sa\u00fade humanizada,\n                        acessibilidade e a\u00e7\u00f5es afirmativas, estamos falando de direitos humanos.&nbsp;<\/p>\n                    <p style=\"text-align: justify;\">Mas, o que s\u00e3o os direitos humanos? \u201cDireitos Humanos\u201d \u00e9 um conjunto\n                        de normas que estabelecem direitos e deveres. Governantes e governados devem se submeter a tais\n                        normas. Assim, s\u00e3o direitos humanos, o direito \u00e0 liberdade, \u00e0 vida, \u00e0 dignidade, \u00e0 seguran\u00e7a,\n                        educa\u00e7\u00e3o, sa\u00fade, moradia, ao lazer, \u00e0 cultura, transporte p\u00fablico, entre tantos outros.<\/p>\n                    <p style=\"text-align: justify;\">&nbsp;A cidadania \u00e9 uma rela\u00e7\u00e3o jur\u00eddica decorrente destas normas.\n                        Entretanto, para que um cidad\u00e3o exer\u00e7a plenamente seus direitos, o Estado deve lhe dar condi\u00e7\u00f5es\n                        para isso, assegurando que todos tenham igualdade de condi\u00e7\u00f5es para exerc\u00ea-los.<\/p>\n                    <p style=\"text-align: justify;\">Devido \u00e0s rela\u00e7\u00f5es econ\u00f4micas e de poder em nossa sociedade, certos\n                        grupos s\u00e3o mantidos em situa\u00e7\u00e3o cont\u00ednua de privil\u00e9gios, impossibilitando a frui\u00e7\u00e3o de direitos\n                        que devem ser a todos garantidos, e tolhendo o exerc\u00edcio pleno da cidadania.&nbsp;<\/p>\n                    <p style=\"text-align: justify;\">A cole\u00e7\u00e3o singularidadeS se prop\u00f5e a abordar a tem\u00e1tica da\n                        diversidade e inclus\u00e3o nos campos da educa\u00e7\u00e3o, trabalho, sa\u00fade, arte, cultura, esporte, lazer,\n                        contemplando a variedade da condi\u00e7\u00e3o humana, que \u00e9 constru\u00edda cotidianamente nas rela\u00e7\u00f5es\n                        interpessoais, sociais, culturais e pol\u00edticas.<\/p>\n\n\n\n\n\n\n\n\n\n\n\n\n\n                <\/div>\n            <\/div>\n\n            \n        <\/div>\n\n        \n    \n\n    <\/div>\n\n\n<\/div>\n\n\n\n<div class=\"container-fluid py-3 text-center\" style=\"background-image: url('https:\/\/larvatusprodeo.com.br\/wp-content\/uploads\/2020\/08\/lvt_bg_home_reflita.jpg');\">\n\n    <img decoding=\"async\" class=\"mx-auto d-block\" src=\"https:\/\/larvatusprodeo.com.br\/wp-content\/uploads\/2020\/09\/mascara-branca-chao.png\" width=\"12%\">\n\n    <h1 class=\"display-4 text-white\" style=\"opacity: 1.0;\">Adquira seu exemplar<\/h1>\n\n    <div class=\"container\" style=\"background-color: #fff;\">\n        <br>\n\n        <div class=\"row d-flex justify-content-center\">\n\n            <div class=\"col col-md-4 col-sm-12\">\n                <div class=\"card\">\n                    <h5 class=\"card-header\">A Representa\u00e7\u00e3o da Defici\u00eancia no Cotidiano Escolar<\/h5>\n                    <div class=\"card-body\">\n                        <img decoding=\"async\" class=\"card-img-top custom-card-img\" src=\"https:\/\/larvatusprodeo.com.br\/wp-content\/uploads\/2020\/11\/capa_representacao_site.png\" alt=\"Card image cap\">\n                        <p align=\"center\">\n                            <a href=\"https:\/\/larvatusprodeo.com.br\/loja\/index.php\/produto\/a-representacao-da-deficiencia-no-cotidiano-escolar\/\" class=\"btn btn-danger btn-lg active\" role=\"button\" aria-pressed=\"true\">Comprar agora<\/a>\n                        <\/p>\n                    <\/div>\n                <\/div>\n            <\/div>\n\n            <div class=\"col col-md-4 col-sm-12\">\n                <div class=\"card\">\n                    <h5 class=\"card-header\">As Sete Dimens\u00f5es da Acessibilidade<\/h5>\n                    <div class=\"card-body\">\n                        <img decoding=\"async\" class=\"card-img-top custom-card-img\" src=\"https:\/\/larvatusprodeo.com.br\/loja\/wp-content\/uploads\/2020\/11\/capa1.jpg\" alt=\"Card image cap\">\n                        <p align=\"center\">\n                            <a href=\"https:\/\/larvatusprodeo.com.br\/loja\/index.php\/produto\/as-sete-dimensoes-da-acessibilidade\/\" class=\"btn btn-danger btn-lg active\" role=\"button\" aria-pressed=\"true\">Comprar agora<\/a>\n                        <\/p>\n                    <\/div>\n                <\/div>\n            <\/div>\n\n        <\/div>\n        <br>\n    <\/div>\n    <br><br>\n<\/div> <!-- fim container -->\n\n\n\n<div class=\"container-fluid py-3\" style=\"background-color: #fff;\">\n\n\n\n    <h1 class=\"display-4 text-center\">Conselho Editorial\n\n    <\/h1>\n    <br>\n    <p class=\"lead\"><\/p>\n\n\n\n\n\n\n\n\n\n\n\n    <div class=\"row\">\n    <div class=\"col-md-4 col-lg-3 col-sm-12\">\n\n\n            <div class=\"card profile-card-5 flex-fill\">\n                <div class=\"card-img-block\">\n                    <img decoding=\"async\" class=\"card-img-top\"\n                        src=\"https:\/\/larvatusprodeo.com.br\/wp-content\/uploads\/2020\/10\/Edna-Maia.jpg\"\n                        alt=\"Card image cap\">\n                <\/div>\n                <div class=\"card-body pt-0\">\n                    <h5 class=\"card-title\">Edna Maia <p> Coordenadora <\/p>\n                    <\/h5>\n\n                    <p class=\"card-text\">\n                    <p style=\"text-align: justify;\">\n                        Pedagoga. P\u00f3s-gradua\u00e7\u00e3o em Psicopedagogia (FMU), Arte Educa\u00e7\u00e3o e Educa\u00e7\u00e3o Ambiental,\n                        Aperfei\u00e7oamento em Educa\u00e7\u00e3o e Psicanalise (IPUSP). Docente Universit\u00e1ria. Idealizadora e\n                        Coordenadora geral do Espa\u00e7o Mosaico.\n                 \n                    <\/p>\n\n\n                <\/div>\n\n\n            <\/div>\n\n\n        <\/div>\n\n\n\n        <div class=\"col-md-4 col-lg-3 col-sm-12\">\n            <div class=\"card profile-card-5 flex-fill flex-fill\">\n                <div class=\"card-img-block\">\n                    <img decoding=\"async\" class=\"card-img-top\"\n                        src=\"http:\/\/larvatusprodeo.com.br\/wp-content\/uploads\/2020\/12\/Leide-Maia.jpeg\"\n                        alt=\"Card image cap\">\n                <\/div>\n                <div class=\"card-body pt-0\">\n                    <h5 class=\"card-title\">Leide Maia<p> Coordenadora <\/p>\n                    <\/h5>\n                    <p class=\"card-text\">\n                    <p style=\"text-align: justify;\">\n                        Historiadora pela USP. Especializada em Hist\u00f3ria da \u00c1frica pela UFES. P\u00f3s-gradua\u00e7\u00e3o em\n                        Psicopedagogia pela UniFai. Coordenadora no Espa\u00e7o Mosaico nos projetos: Travessia, Fazendo\n                        Acontecer, Oficinas Pedag\u00f3gicas e Vivendo e Aprendendo.\n\n                    <p align=\"left\"><a href='https:\/\/www.linkedin.com\/in\/leide-maia-3468521860'> <img decoding=\"async\" src=\"https:\/\/larvatusprodeo.com.br\/wp-content\/uploads\/2020\/08\/images.png\"\n                            width=\"25%\" \/> <\/a> <\/p>\n\n                    <\/p>\n                    <\/p>\n\n                <\/div>\n            <\/div>\n        <\/div>\n\n\n\n\n\n\n        <div class=\"col-md-4 col-lg-3 col-sm-12\">\n\n            <div class=\"card profile-card-5 flex-fill\">\n                <div class=\"card-img-block\">\n                    <img decoding=\"async\" class=\"card-img-top\"\n                        src=\"http:\/\/larvatusprodeo.com.br\/wp-content\/uploads\/2020\/11\/Ana-Laura-PratesConselho.jpg\"\n                        alt=\"Card image cap\">\n                <\/div>\n                <div class=\"card-body pt-0\">\n                    <h5 class=\"card-title\">Ana Laura Prates<\/h5>\n                    <p class=\"card-text\">\n                    <p style=\"text-align: justify;\">\n\n                        Psicanalista, Escritora e Editora. Doutora pelo IPUSP. P\u00f3s-doutorado na UERJ. Pesquisadora\n                        convidada do LABEURB\/UNICAMP. AME da Escola de Psican\u00e1lise dos F\u00f3runs do Campo Lacaniano-\n                        FCL-SP. Autora, dentre outros, de \u201cFeminilidade e experi\u00eancia Psicanal\u00edtica\u201d, \u201cDa fantasia de\n                        inf\u00e2ncia ao infantil na fantasia\u201d e \u201cLa letra: de la carta al nudo\u201d. Colunista do Jornal GGN.\n                    <\/p>\n\n                    <\/p>\n\n                    <p align=\"left\"><a href='https:\/\/www.linkedin.com\/in\/ana-laura-prates-29186841'> <img decoding=\"async\" src=\"https:\/\/larvatusprodeo.com.br\/wp-content\/uploads\/2020\/08\/images.png\"\n                            width=\"25%\" \/> <\/a> <\/p>\n                    <\/p>\n\n                <\/div>\n            <\/div>\n\n\n\n\n\n        <\/div>\n\n        <div class=\"col-md-4 col-lg-3 col-sm-12\">\n\n\n            <div class=\"card profile-card-5 flex-fill\">\n                <div class=\"card-img-block\">\n                    <img decoding=\"async\" class=\"card-img-top\"\n                        src=\"https:\/\/larvatusprodeo.com.br\/wp-content\/uploads\/2020\/10\/Margarete-Pedroso.jpg\"\n                        alt=\"Card image cap\">\n                <\/div>\n                <div class=\"card-body pt-0\">\n                    <h5 class=\"card-title\">Margarete Gon\u00e7alves Pedroso<\/h5>\n                    <p class=\"card-text\">\n                    <p style=\"text-align: justify;\">\n                        Procuradora do Estado de S\u00e3o Paulo. Graduada em Direito pela Universidade Mackenzie.\n                        Especialista em Direito do Estado pela Escola Superior da Procuradoria Geral do Estado.\n                        Conselheira do Conselho Estadual da Condi\u00e7\u00e3o Feminina. Membro da Comiss\u00e3o de Direitos Humanos da\n                        OAB\/SP. Membro da Rede Feminista de Juristas \u2013 DEFEMD.<\/p>\n\n                   \n\n                    <\/p>\n\n                <\/div>\n            <\/div>\n\n\n\n\n\n        <\/div>\n    <\/div>\n\n    <br>\n\n    <div class=\"row\">\n\n\n\n    <div class=\"col-md-4 col-lg-3 col-sm-12\">\n\n\n            <div class=\"card profile-card-5 flex-fill\">\n                <div class=\"card-img-block\">\n                    <img decoding=\"async\" class=\"card-img-top\"\n                        src=\"https:\/\/larvatusprodeo.com.br\/wp-content\/uploads\/2020\/10\/Romeu-Kazumi-Sassaki.jpg\"\n                        alt=\"Card image cap\">\n                <\/div>\n                <div class=\"card-body pt-0\">\n                    <h5 class=\"card-title\">Romeu Sassaki <\/h5>\n                    <p class=\"card-text\">\n                    <p style=\"text-align: justify;\">Graduado em Servi\u00e7o Social. Especializado em aconselhamento de\n                        reabilita\u00e7\u00e3o. Consultor e docente no ensino p\u00fablico, Banco Mundial, Secretaria Nacional de\n                        Promo\u00e7\u00e3o dos Direitos da Pessoa com Defici\u00eancia e Comit\u00ea Brasileiro de Tecnologia Assistida.\n                        Autor de \u201cAs sete dimens\u00f5es da acessibilidade\u201d.<\/p>\n\n                   \n                    <\/p>\n\n                <\/div>\n            <\/div>\n        <\/div>\n\n\n\n\n\n\n        <div class=\"col-md-4 col-lg-3 col-sm-12\">\n            <div class=\"card profile-card-5 flex-fill\">\n                <div class=\"card-img-block\">\n                    <img decoding=\"async\" class=\"card-img-top\"\n                        src=\"https:\/\/larvatusprodeo.com.br\/wp-content\/uploads\/2020\/11\/Marli-Vizim.jpg\"\n                        alt=\"Card image cap\">\n                <\/div>\n                <div class=\"card-body pt-0\">\n                    <h5 class=\"card-title\">Marli Vizim <\/h5>\n                    <p class=\"card-text\">\n                    <p style=\"text-align: justify;\">\n                        Doutora em Educa\u00e7\u00e3o pela Universidade de S\u00e3o Paulo. Membro do GT-Educa\u00e7\u00e3o Especial da ANPED.\n                        Coordenadora do Projeto de Inclus\u00e3o na rede p\u00fablica de ensino de Diadema. Docente do Centro\n                        Universit\u00e1rio Funda\u00e7\u00e3o Santo Andr\u00e9. Autora de \u201cA representa\u00e7\u00e3o da defici\u00eancia no cotidiano\n                        escolar\u201d <\/p>\n\n                    <p align=\"left\"> <a href='https:\/\/www.linkedin.com\/in\/marli-vizim-83a07052\/'> <img decoding=\"async\" src=\"https:\/\/larvatusprodeo.com.br\/wp-content\/uploads\/2020\/08\/images.png\"\n                            width=\"25%\" \/> <\/a> <\/p>\n\n                    <\/p>\n\n                <\/div>\n            <\/div>\n\n\n\n        <\/div>\n\n\n\n\n\n\n\n\n\n    <\/div>\n<\/div>\n\n\n\n\n\n\n\n\n\n\n\n\n\n\n\n\n<\/div>\n","protected":false},"excerpt":{"rendered":"<p>singularidadeS A Cole\u00e7\u00e3o singularidadeS publica livros autorais ou colet\u00e2neas de artigos que&#8230;<\/p>\n","protected":false},"author":1,"featured_media":0,"parent":0,"menu_order":0,"comment_status":"closed","ping_status":"closed","template":"","meta":{"footnotes":""},"class_list":["post-14","page","type-page","status-publish","hentry"],"_links":{"self":[{"href":"https:\/\/larvatusprodeo.com.br\/index.php\/wp-json\/wp\/v2\/pages\/14","targetHints":{"allow":["GET"]}}],"collection":[{"href":"https:\/\/larvatusprodeo.com.br\/index.php\/wp-json\/wp\/v2\/pages"}],"about":[{"href":"https:\/\/larvatusprodeo.com.br\/index.php\/wp-json\/wp\/v2\/types\/page"}],"author":[{"embeddable":true,"href":"https:\/\/larvatusprodeo.com.br\/index.php\/wp-json\/wp\/v2\/users\/1"}],"replies":[{"embeddable":true,"href":"https:\/\/larvatusprodeo.com.br\/index.php\/wp-json\/wp\/v2\/comments?post=14"}],"version-history":[{"count":10,"href":"https:\/\/larvatusprodeo.com.br\/index.php\/wp-json\/wp\/v2\/pages\/14\/revisions"}],"predecessor-version":[{"id":1677,"href":"https:\/\/larvatusprodeo.com.br\/index.php\/wp-json\/wp\/v2\/pages\/14\/revisions\/1677"}],"wp:attachment":[{"href":"https:\/\/larvatusprodeo.com.br\/index.php\/wp-json\/wp\/v2\/media?parent=14"}],"curies":[{"name":"wp","href":"https:\/\/api.w.org\/{rel}","templated":true}]}}