{"id":1423,"date":"2025-10-02T14:41:09","date_gmt":"2025-10-02T17:41:09","guid":{"rendered":"https:\/\/larvatusprodeo.com.br\/loja\/?post_type=product&#038;p=1423"},"modified":"2026-02-10T15:53:27","modified_gmt":"2026-02-10T18:53:27","slug":"antigona-nome-improprio","status":"publish","type":"product","link":"https:\/\/larvatusprodeo.com.br\/loja\/index.php\/produto\/antigona-nome-improprio\/","title":{"rendered":"Ant\u00edgona: nome (im)pr\u00f3prio"},"content":{"rendered":"<p>N\u00f3s lemos a c\u00e9u aberto uma trag\u00e9dia. Trata-se evidentemente de um dos mais belos poemas produzidos na hist\u00f3ria da humanidade. Ant\u00edgona, princesa de Tebas, jovem mulher, \u00e9 uma grande conhecida dos psicanalistas, fil\u00f3sofos, literatos, entre outros. Persona da \u00e9tica em Psican\u00e1lise, ela porta em seu nome o impr\u00f3prio! Isso se d\u00e1, pois ela toma uma decis\u00e3o irrevers\u00edvel: sepultar os restos mortais de seu irm\u00e3o Polinices, condenado pelo soberano da polis, Creonte, a apodrecer na cidade, sem direito \u00e0 sepultura e nem vala comum. A desobedi\u00eancia de Ant\u00edgona custa-lhe a pr\u00f3pria vida. Esse \u00e9 o impr\u00f3prio de nossa princesa. Ant\u00edgona definitivamente n\u00e3o \u00e9 uma princesa da Disney.<\/p>\n<p><strong>Ana Laura Prates \u00e9 Psic\u00f3loga e Psicanalista<\/strong>. AME da Escola de Psican\u00e1lise dos F\u00f3runs do Campo Lacaniano e fundadora do F\u00f3rum do Campo Lacaniano &#8211; SP, onde coordena a Rede de Pesquisa Corpo, Arte e Tecnologia e sustenta o Semin\u00e1rio A Heresia Lacaniana. \u00c9 Mestre e Doutora pela Universidade de S\u00e3o Paulo, P\u00f3s-doutorado pela Universidade Estadual do RJ e Pesquisadora do Laborat\u00f3rio de Estudos Urbanos (LABEURB) da Universidade de Campinas. \u00c9 autora, dentre outros, de Feminilidade e experi\u00eancia psicanal\u00edtica, Da fantasia de inf\u00e2ncia ao infantil na fantasia e La letra: de la carta al nudo. \u00c9 editora na Larvatus Prodeo. Colunista do Jornal GGN e apresentadora do Podcast Ouvindo Vozes.<\/p>\n<p><strong>Marcos Aurelio Barbai<\/strong> possui gradua\u00e7\u00e3o em Letras e Especializa\u00e7\u00e3o em L\u00edngua Portuguesa pela Universidade Federal de Mato Grosso do Sul. Mestrado e Doutorado em Lingu\u00edstica, ambos pela Universidade Estadual de Campinas, com est\u00e1gio de doutoramento e de P\u00f3s-doutorado na Universit\u00e9 de la Sorbonne Nouvelle &#8211; Paris III, Fran\u00e7a. \u00c9 Pesquisador no Laborat\u00f3rio de Estudos Urbanos, do N\u00facleo de Desenvolvimento da Criatividade, da Universidade de Campinas. \u00c9 professor permanente do PPG Divulga\u00e7\u00e3o Cient\u00edfica e Cultural (MDCC &#8211; IEL\/Labjor-Unicamp). \u00c9 Psicanalista na Escola de Psican\u00e1lise dos F\u00f3runs do Campo Lacaniano (EPFCL-Brasi)l e membro do F\u00f3rum do Campo Lacaniano da Regi\u00e3o Metropolitana de Campinas.<\/p>\n","protected":false},"excerpt":{"rendered":"<p>N\u00f3s lemos a c\u00e9u aberto uma trag\u00e9dia. Trata-se evidentemente de um dos mais belos poemas produzidos na hist\u00f3ria da humanidade. Ant\u00edgona, princesa de Tebas, jovem mulher, \u00e9 uma grande conhecida dos psicanalistas, fil\u00f3sofos, literatos, entre outros. Persona da \u00e9tica em Psican\u00e1lise, ela porta em seu nome o impr\u00f3prio! Isso se d\u00e1, pois ela toma uma decis\u00e3o irrevers\u00edvel: sepultar os restos mortais de seu irm\u00e3o Polinices, condenado pelo soberano da polis, Creonte, a apodrecer na cidade, sem direito \u00e0 sepultura e nem vala comum. A desobedi\u00eancia de Ant\u00edgona custa-lhe a pr\u00f3pria vida. Esse \u00e9 o impr\u00f3prio de nossa princesa. Ant\u00edgona definitivamente n\u00e3o \u00e9 uma princesa da Disney.<\/p>\n","protected":false},"featured_media":1424,"comment_status":"open","ping_status":"closed","template":"","meta":[],"product_brand":[],"product_cat":[17,19],"product_tag":[],"class_list":{"0":"post-1423","1":"product","2":"type-product","3":"status-publish","4":"has-post-thumbnail","6":"product_cat-heresia-lacaniana","7":"product_cat-livros","8":"product_shipping_class-livros","10":"first","11":"instock","12":"shipping-taxable","13":"purchasable","14":"product-type-simple"},"_links":{"self":[{"href":"https:\/\/larvatusprodeo.com.br\/loja\/index.php\/wp-json\/wp\/v2\/product\/1423","targetHints":{"allow":["GET"]}}],"collection":[{"href":"https:\/\/larvatusprodeo.com.br\/loja\/index.php\/wp-json\/wp\/v2\/product"}],"about":[{"href":"https:\/\/larvatusprodeo.com.br\/loja\/index.php\/wp-json\/wp\/v2\/types\/product"}],"replies":[{"embeddable":true,"href":"https:\/\/larvatusprodeo.com.br\/loja\/index.php\/wp-json\/wp\/v2\/comments?post=1423"}],"wp:featuredmedia":[{"embeddable":true,"href":"https:\/\/larvatusprodeo.com.br\/loja\/index.php\/wp-json\/wp\/v2\/media\/1424"}],"wp:attachment":[{"href":"https:\/\/larvatusprodeo.com.br\/loja\/index.php\/wp-json\/wp\/v2\/media?parent=1423"}],"wp:term":[{"taxonomy":"product_brand","embeddable":true,"href":"https:\/\/larvatusprodeo.com.br\/loja\/index.php\/wp-json\/wp\/v2\/product_brand?post=1423"},{"taxonomy":"product_cat","embeddable":true,"href":"https:\/\/larvatusprodeo.com.br\/loja\/index.php\/wp-json\/wp\/v2\/product_cat?post=1423"},{"taxonomy":"product_tag","embeddable":true,"href":"https:\/\/larvatusprodeo.com.br\/loja\/index.php\/wp-json\/wp\/v2\/product_tag?post=1423"}],"curies":[{"name":"wp","href":"https:\/\/api.w.org\/{rel}","templated":true}]}}